t j(g) = n*i(g) - v(g). Determine j(5).
-8
Let a be (2/(-6))/(1/(-9)). Let k be a + 0 + (-2)/(-1). Let g(m) = -m**3 + 5*m**2 - 2*m + 6. What is g(k)?
-4
Let p(w) = w**3 - w**2 - 5. Suppose 0 = -4*t - 2 + 2. Calculate p(t).
-5
Let j(n) = 2*n + 4*n - n**2 - 5 - 1. Let t(f) = f - 3. Let g be t(6). Suppose -u - p = -4, 3*u - g*p - 17 = -p. Calculate j(u).
-1
Let f(p) be the third derivative of p**5/20 - p**4/6 + p**3/2 - 4*p**2. Determine f(2).
7
Let m(t) be the first derivative of t**2/2 - 7*t - 5. Let g be (-2 - 1)/(3/2). Let j be -2*(g/4 - 2). Give m(j).
-2
Let s(u) = 6*u + 4. Let t(b) = 6*b + 3. Let d(m) = -4*s(m) + 5*t(m). Let r be (-4)/(-10) + 8/5. Suppose 4*i + 4*v = 4, 0 = -i - 3*v - r + 3. Give d(i).
5
Let o(t) be the third derivative of t**6/120 + t**5/30 + t**4/24 + t**3/2 - 26*t**2. Let i = -11 + 8. What is o(i)?
-9
Let g(d) = d**3 + 8*d**2 - 5*d + 8. Let v(f) = -4 + 11 + f**3 - 5*f + f**2 + 6*f**2. Let q(k) = -4*g(k) + 5*v(k). Give q(-4).
7
Let k(x) = x**2 - 12*x + 8. Let l be k(10). Let p be (-3)/l - 17/4. Let o(s) = s**2 + 6*s + 6. What is o(p)?
-2
Let h(v) = v**3 - 6*v**2 + 6*v - 3. Let f be h(5). Let a(r) be the first derivative of -r**f + 3 - r - 6*r + 3*r. What is a(3)?
-10
Let t be -3 - (-3 - (-1)/(-1)). Let a(h) = 2*h**2 - h. What is a(t)?
1
Let v = -4 - -2. Let w(z) = -2*z**3 - 4*z**2 - 4*z - 3. What is w(v)?
5
Let a(f) be the first derivative of -f**3/3 + 3*f**2 - 8*f + 7. Let h = 16 + -10. Give a(h).
-8
Let u(f) = f - 4. Let d(q) = -1. Suppose 2*g = 6, h + 3*g = -g + 10. Let k(r) = h*u(r) + 9*d(r). Give k(4).
-9
Let x(r) be the third derivative of -1/60*r**5 + 0*r + 0 - 1/6*r**3 - 1/6*r**4 + 3*r**2. Suppose g = -6 + 1. Calculate x(g).
-6
Suppose 4*r - s = 3 - 15, 3*s = -2*r - 20. Let d(h) = h - 3. Determine d(r).
-7
Let z(m) = -2*m + 22 - 19 + 2*m**2 + m - 2*m - 2*m**3. Calculate z(2).
-11
Suppose -5 = n - 2*n. Let l(c) = c**3 - 4*c**3 - 3*c**2 + 4*c**3 - 3*c - n + 7*c**2. Give l(-4).
7
Let r(i) = -i**3 - 3*i**2 + 4*i + 6. Let v(f) = f**3 + 9*f**2 + 6*f - 11. Let s be v(-8). Suppose 2*w + 3*n - 27 = s*w, -2*w + 3*n = 23. Give r(w).
6
Let a(f) = f**2 + 3*f - 7. Let q = 330 - 465. Let v be q/25 - 2/(-5). Let k be a(v). Let z(u) = u**3 - 4*u**2 + 3*u. Calculate z(k).
0
Let x(o) = o**2 + o - 1. Let y(u) = -2*u + 1. Let z(b) = 2*x(b) + y(b). Let c be ((-2)/(-5))/(2/40). Suppose 4*q - 2*h + c = 0, 6*q + 5 = 3*q + h. Give z(q).
1
Let a(q) = -5*q - 7. Let d = -5 + 0. Determine a(d).
18
Let j(z) = 1 + 9*z - 6*z + 6 + 7*z. Let c(b) = 3*b + 2. Let k(s) = 7*c(s) - 2*j(s). Give k(-4).
-4
Let d(h) = -h**2 - 6*h - 2. Suppose -4*i + 2*z - 12 = 0, -2 = 2*i - 2*z + 2. What is d(i)?
6
Let x be 34/(-8) + 2/8. Let z be (20/(-25))/(x/10). Let l(h) = -h**2 - 8*h + 1. Let y(d) = -2*d**2 - 9*d. Let u(b) = z*y(b) - 3*l(b). What is u(5)?
2
Let i(r) be the second derivative of -r**5/20 + 2*r**4/3 - 7*r**3/6 - 3*r**2/2 + 3*r. Determine i(7).
-3
Suppose 2*o - o = -z + 5, -o + 5 = -3*z. Let x(m) = -m**3 + 3. What is x(z)?
3
Let o(n) = n**3 - 2*n**2 - 4*n + 1. Let x(t) = -3*t**2 + 5*t**2 - 3*t**2 - 4*t. Let y be x(-3). Give o(y).
-2
Let j(o) = o**2 + o + 2. Let c = 7 + -5. Let m = c + -1. Suppose 5*u + 6 = 3*w, 1 + m = 3*u + w. Determine j(u).
2
Let a be -1*9*(-1)/3. Let m(p) = p - 2. Give m(a).
1
Let f(q) = -2*q. Suppose 0 = -m - 0*m + 2*n - 9, 3*m = n - 12. Let s be f(m). Suppose s = -2*u - 2. Let d(t) = -t**3 - 4*t**2 - t + 3. Calculate d(u).
7
Let h(o) = o + 2. Let c be h(2). Let a be 18/8 + (-1)/4. Let m(p) = -p**2 - 3*p + p**2 + 2 + p**a. Calculate m(c).
6
Let q(t) = t**3 + 3*t**2 - 2*t + 4. Suppose 2*x + 8 = -6. Let z = -4 - x. Suppose 0 = -z*w - 3*s - 9, 4*s = 4*w - s + 21. What is q(w)?
-4
Let j = -2 + 0. Let w be j/(-12)*3*8. Suppose 23 = w*u + 7. Let m(t) = -t**2 + 2*t - 2. Give m(u).
-10
Suppose 3*a = 2*a + 3*u + 10, -5*a = -3*u + 10. Let r(x) = -4*x + 4. Give r(a).
24
Suppose -4*c + 4 = -4. Let u(s) = 2*s + 1. What is u(c)?
5
Let j(z) be the second derivative of z**4/12 + z**3 - 4*z**2 - 4*z. Let x be j(-8). Let a = -8 + x. Let g(n) = n**3 - 2. Give g(a).
-2
Let m be (-2)/9 + 112/18. Let c(f) = -3 + 6*f + f**2 + 6 + 5 - 2*f**2. Give c(m).
8
Let u(m) = -m**2 + 6*m + 6. Let s = -11 + 17. Determine u(s).
6
Suppose 0 = 2*l + l - 15. Suppose l = m - 0. Let t(n) = n**3 - 5*n**2 - n + 4. What is t(m)?
-1
Let w(s) = 3*s**3 - 5*s**2 - 1. Let p = 3 + -2. Let c(v) = v**3 - v**2 - 1. Let f(z) = p*w(z) - 2*c(z). What is f(1)?
-1
Let x(s) = -s**3 - 9*s**2 + 11*s + 6. Let t be x(-10). Let b(m) be the first derivative of -1 - 1/4*m**4 - m**3 + 5/2*m**2 + m. Give b(t).
-3
Let k(q) = 7*q**2 - q - 1. Let l = 8 - 5. Let g be (-1 + 15/9)*l. Let s = 1 - g. Give k(s).
7
Let l(y) be the first derivative of 2/3*y**3 - y**2 + 1 + 1/4*y**4 - 4*y. Determine l(-3).
-7
Let c(b) = -b + 1. Let w(y) = y. Let t(d) = c(d) - 5*w(d). Calculate t(1).
-5
Let t(d) be the third derivative of -d**5/60 + d**4/2 - d**3/3 + 17*d**2. Calculate t(11).
9
Let r(c) = -c + 18. Let k be r(6). Let n be (-6)/9 - (-32)/k. Let l(a) = a**3 - 5*a**2 + 2*a. Give l(n).
-8
Let f(m) = 2*m + 4. Suppose -d + 5*o + 25 = 0, -3*d + 2*o + 31 = -2*o. Suppose t - d*g + 7 = 0, -2*t - 9 = -2*g - 3*g. Let x be (9/12)/(t/8). Calculate f(x).
-2
Let d(m) = 11*m. Suppose -6 + 1 = 5*i. Determine d(i).
-11
Let p(k) = 3*k**3 + 6*k**2 + 3*k - 2. Let u = -4 - -11. Let w(v) = 10*v**3 + 19*v**2 + 10*v - 6. Let d(x) = u*p(x) - 2*w(x). Give d(-4).
-6
Let s(i) = 2*i**2 - 3*i + 2. Let j be s(2). Let m(v) be the third derivative of v**6/120 - v**5/12 + 5*v**4/24 - 5*v**3/6 - 6*v**2. Calculate m(j).
-1
Let q(d) be the first derivative of -d**4/4 + d**2/2 + d + 1. Suppose 0 = 5*c - 3*c - 4. Suppose -c*g = g - 2*s - 4, g + s - 3 = 0. Give q(g).
-5
Let w(s) = s**2 - 3*s + 1. Suppose 5*y = 3 + 12. Suppose 12 = y*j + m, 5*j - m = m + 20. Determine w(j).
5
Let z be ((-10)/(-4))/(15/30). Let j(i) = -i**2 + 4*i + 4. What is j(z)?
-1
Suppose v + i = -2, -5*v - 10 = i - 5*i. Let d(k) = k**3 + 4*k**2 + 3*k + 1. Determine d(v).
3
Let j(c) = c - 2. Let d be -10*-1*(-1)/2. Let y be -1*(2 + d) + 1. Determine j(y).
2
Suppose 3*m + 8*d - 4*d = 15, -20 = -4*m + d. Let f(z) be the third derivative of 0 + 1/20*z**6 + 1/30*z**m + 1/6*z**3 + 1/12*z**4 + 0*z - 2*z**2. Give f(-1).
-5
Let n(w) = -w**2 - 2*w + 2. Suppose 0 = -0*z - 4*z + 8. Suppose -3*v = z*v + 20. Give n(v).
-6
Let a(r) = -2*r + 3. Let u(n) = n - 2. Let z(k) = -2*a(k) - 5*u(k). Let o(d) = -4*d - 40. Let p be o(-10). Give z(p).
4
Suppose 8*b = 11*b + 15. Let i(d) = -2*d - 2*d + 7*d + 7. Give i(b).
-8
Let u(l) = 3*l**2 + 7*l - 1. Let s(d) = 7*d**2 + 15*d - 2. Let w(f) = -2*s(f) + 5*u(f). Calculate w(-3).
-7
Let x = 1 - 4. Let l be (-2)/(x/(-15)*2). Let o(n) = n**2 + 4*n - 4. Let p be o(l). Let t(s) = 6*s + 1. Determine t(p).
7
Let f = -33 + 31. Let b(j) = 5*j + 3. Calculate b(f).
-7
Let y(v) = -2*v + 11. Let m be -24*(-3 - (-24)/9). Let j be y(m). Let h(q) = q**2 + 3*q - 3. What is h(j)?
7
Let r(k) = k**2 + 11*k + 12. Let q be r(-9). Let g(m) = -m**3 - 10*m**2 + 2*m + 14. Let w(p) = -p**3 - 11*p**2 + p + 15. Let v(x) = -6*g(x) + 5*w(x). Give v(q).
-3
Let x = -2 + 3. Suppose x = l - 1. Let v(g) = g**3 - g. Give v(l).
6
Let i(n) = -n + 2. Let k(g) = -g + 2. Let y(f) = 4*i(f) - 3*k(f). Suppose -2*s = -4*s + 14. Calculate y(s).
-5
Let k(i) = 3 + 2*i - 11 + 13. Determine k(-4).
-3
Let r(o) = 5 - 2 - 4*o + 2*o + 0. Determine r(3).
-3
Suppose -5*b + 24 = -5*r + 4, r = 0. Let n(k) = 2*k - 2. Let m(t) = -3*t + 3. Let v(z) = 6*m(z) + 11*n(z). What is v(b)?
12
Let w(j) = -j + 5. Let p(l) = l - 6. Let x(b) = -3*p(b) - 4*w(b). Calculate x(1).
-1
Let u(w) = w**2 + 5*w - 6. Suppose -45 = 5*o - 10*o. Let g be (o/(-4))/(9/24). What is u(g)?
0
Let x(z) = -z**2 - z + 1. Suppose -3*r + 2*f = -11, 0 = -0*r - 3*r - 5*f + 25. Suppose -r - 7 = 4*c. Determine x(c).
-5
Let d(y) = -y**2 - y - 2. Suppose -5*w = -5*b + 25, 3*w - 4*b + 20 = -0*b. What is d(w)?
-2
Let a(o) = -o**3 + 6*o**2 - 3. Let x(k) = -k**3 - 3*k**2 - 4*k - 6. Let j be x(-3). Determine a(j).
-3
Let y(o) = o**3 + 6*o**2 - 6. Let h be y(-6). Let v(n) be the third derivative of n**6/120 + n**5/10 - n**2. What is v(h)?
0
Let a(f) = -f + 3. Let l be a(5). Let g(p) = -2*p**3 - 4*p**2 - 3*p - 2. Calculate g(l).
4
Let p(n) = 15*n - 13. Let l(g) = -7*g +